{"id":17,"date":"2024-05-18T17:15:49","date_gmt":"2024-05-18T15:15:49","guid":{"rendered":"http:\/\/francoisemonnier.com\/?page_id=17"},"modified":"2024-05-30T18:20:05","modified_gmt":"2024-05-30T16:20:05","slug":"a-propos","status":"publish","type":"page","link":"https:\/\/francoisemonnier.com\/index.php\/a-propos\/","title":{"rendered":"Biographie"},"content":{"rendered":"\n<div class=\"wp-block-group is-content-justification-center is-nowrap is-layout-flex wp-container-core-group-is-layout-94bc23d7 wp-block-group-is-layout-flex\"><div class=\"wp-block-image\">\n<figure class=\"aligncenter size-full\"><img decoding=\"async\" width=\"394\" height=\"396\" data-src=\"https:\/\/francoisemonnier.com\/wp-content\/uploads\/2024\/05\/Francoise-Monnier-e1717085491489.jpg\" alt=\"Fran\u00e7oise Monnier\" class=\"wp-image-328 lazyload\" data-srcset=\"https:\/\/francoisemonnier.com\/wp-content\/uploads\/2024\/05\/Francoise-Monnier-e1717085491489.jpg 394w, https:\/\/francoisemonnier.com\/wp-content\/uploads\/2024\/05\/Francoise-Monnier-e1717085491489-298x300.jpg 298w, https:\/\/francoisemonnier.com\/wp-content\/uploads\/2024\/05\/Francoise-Monnier-e1717085491489-150x150.jpg 150w\" data-sizes=\"(max-width: 394px) 100vw, 394px\" src=\"data:image\/svg+xml;base64,PHN2ZyB3aWR0aD0iMSIgaGVpZ2h0PSIxIiB4bWxucz0iaHR0cDovL3d3dy53My5vcmcvMjAwMC9zdmciPjwvc3ZnPg==\" style=\"--smush-placeholder-width: 394px; --smush-placeholder-aspect-ratio: 394\/396;\" \/><\/figure>\n<\/div><\/div>\n\n\n\n<p><br><br>Fran\u00e7oise Monnier, vit et travaille \u00e0 Lyon et dans les C\u00e9vennes.<br>Une premi\u00e8re ann\u00e9e dans le nord-ouest am\u00e9ricain (1972-73) sera initiatique\u00a0: la d\u00e9couverte des grands espaces et de la force de la nature, l\u2019immense diversit\u00e9 des pens\u00e9es humaines et tous les cours d\u2019arts propos\u00e9s par le lyc\u00e9e qui l\u2019accueille ouvrent un chemin de vie.<\/p>\n\n\n\n<p>Apr\u00e8s des \u00e9tudes \u00e0 l\u2019\u00e9cole des Beaux-Arts de Beaune et de Lyon et une licence d\u2019Histoire de l\u2019art \u00e0 LYON II, elle poursuit sa formation \u00e0 l\u2019Universit\u00e9 de STANFORD en Californie (Master of ARTS \u2013 1979). A STANFORD, elle d\u00e9couvre la technique du monotype avec l\u2019artiste et professeur Nathan Oliveira avec qui elle travaille jusqu&#8217;en 1981. La rencontre avec Sam Francis renforce le lien tiss\u00e9 avec les Expressionnistes Abstraits Am\u00e9ricains&nbsp; lors des cours de Bernard Ceysson \u00e0 Lyon II. L\u2019abstraction est d\u00e9j\u00e0 son territoire.<\/p>\n\n\n\n<p>A partir des ann\u00e9es 90, voyages (Sahara, Grand nord\u2026), immersion dans la nature et lieux d&#8217;exposition singuliers nourrissent sa cr\u00e9ation.<br>Passeuse passionn\u00e9e, elle enseigne le dessin et la peinture, accompagnant encore aujourd\u2019hui des artistes dans leurs recherches. Ces milliers d\u2019heures pass\u00e9es \u00e0 enseigner lui donnent la libert\u00e9 de danser dans l\u2019espace pictural. Feuille de papier ou ch\u00e2ssis toil\u00e9, ce territoire est habit\u00e9 de monotypes (1984\/1994), puis de techniques mixtes (encre de chine, pastels secs, eau et \u00e9critures-1994\/2014), et d\u2019acrylique (2015\u2026)<\/p>\n\n\n\n<p>Depuis 2010, le dessin &nbsp;sur le motif, d\u2019exercice est devenu partie prenante de son processus cr\u00e9ateur. En 2015, elle renoue avec la gravure, gr\u00e2ce \u00e0 la plasticienne Anne-Laure H-Blanc. Depuis lors, \u00e9cheveaux de gravures, dessins de graphite, livres d\u2019artistes et peintures abstraites tissent un ensemble fait de lenteur, de r\u00eave de vent, et de rencontres humaines grav\u00e9es dans la chair de papier.<\/p>\n","protected":false},"excerpt":{"rendered":"<p>Fran\u00e7oise Monnier, vit et travaille \u00e0 Lyon et dans les C\u00e9vennes.Une premi\u00e8re ann\u00e9e dans le nord-ouest am\u00e9ricain (1972-73) sera initiatique\u00a0: la d\u00e9couverte des grands espaces et de la force de la nature, l\u2019immense diversit\u00e9 des [&#8230;]<\/p>\n<p><a class=\"more-link btn btn-default btn-sm\" href=\"https:\/\/francoisemonnier.com\/index.php\/a-propos\/\">Continue Reading<\/a><\/p>\n","protected":false},"author":1,"featured_media":0,"parent":0,"menu_order":0,"comment_status":"closed","ping_status":"closed","template":"","meta":{"footnotes":""},"class_list":["post-17","page","type-page","status-publish","hentry"],"_links":{"self":[{"href":"https:\/\/francoisemonnier.com\/index.php\/wp-json\/wp\/v2\/pages\/17","targetHints":{"allow":["GET"]}}],"collection":[{"href":"https:\/\/francoisemonnier.com\/index.php\/wp-json\/wp\/v2\/pages"}],"about":[{"href":"https:\/\/francoisemonnier.com\/index.php\/wp-json\/wp\/v2\/types\/page"}],"author":[{"embeddable":true,"href":"https:\/\/francoisemonnier.com\/index.php\/wp-json\/wp\/v2\/users\/1"}],"replies":[{"embeddable":true,"href":"https:\/\/francoisemonnier.com\/index.php\/wp-json\/wp\/v2\/comments?post=17"}],"version-history":[{"count":0,"href":"https:\/\/francoisemonnier.com\/index.php\/wp-json\/wp\/v2\/pages\/17\/revisions"}],"wp:attachment":[{"href":"https:\/\/francoisemonnier.com\/index.php\/wp-json\/wp\/v2\/media?parent=17"}],"curies":[{"name":"wp","href":"https:\/\/api.w.org\/{rel}","templated":true}]}}